{"id":8907,"date":"2025-04-09T11:34:51","date_gmt":"2025-04-09T14:34:51","guid":{"rendered":"https:\/\/flexoshopping.com.br\/loja\/?post_type=product&#038;p=8907"},"modified":"2025-04-09T13:20:51","modified_gmt":"2025-04-09T16:20:51","slug":"reticula-limpa","status":"publish","type":"product","link":"https:\/\/flexoshopping.com.br\/loja\/product\/reticula-limpa\/","title":{"rendered":"Ret\u00edcula limpa"},"content":{"rendered":"<p>Muito eficiente, ajuda a proteger tamb\u00e9m o clich\u00ea do ataque de oz\u00f4nio nos casos em que a impress\u00e3o ou estoque de clich\u00eas fica em \u00e1reas pr\u00f3ximas a gera\u00e7\u00e3o de oz\u00f4nio na extrus\u00e3o de filmes, por exemplo.<\/p>\n","protected":false},"excerpt":{"rendered":"<p>Muito eficiente, ajuda a proteger tamb\u00e9m o clich\u00ea do ataque de oz\u00f4nio nos casos em que a impress\u00e3o ou estoque de clich\u00eas fica em \u00e1reas pr\u00f3ximas a gera\u00e7\u00e3o de oz\u00f4nio na extrus\u00e3o de filmes, por exemplo.<\/p>\n","protected":false},"featured_media":8951,"template":"","meta":[],"product_brand":[],"product_cat":[15],"product_tag":[],"class_list":{"0":"post-8907","1":"product","2":"type-product","3":"status-publish","4":"has-post-thumbnail","6":"product_cat-consumo","8":"first","9":"instock","10":"shipping-taxable","11":"purchasable","12":"product-type-simple"},"_links":{"self":[{"href":"https:\/\/flexoshopping.com.br\/loja\/wp-json\/wp\/v2\/product\/8907","targetHints":{"allow":["GET"]}}],"collection":[{"href":"https:\/\/flexoshopping.com.br\/loja\/wp-json\/wp\/v2\/product"}],"about":[{"href":"https:\/\/flexoshopping.com.br\/loja\/wp-json\/wp\/v2\/types\/product"}],"wp:featuredmedia":[{"embeddable":true,"href":"https:\/\/flexoshopping.com.br\/loja\/wp-json\/wp\/v2\/media\/8951"}],"wp:attachment":[{"href":"https:\/\/flexoshopping.com.br\/loja\/wp-json\/wp\/v2\/media?parent=8907"}],"wp:term":[{"taxonomy":"product_brand","embeddable":true,"href":"https:\/\/flexoshopping.com.br\/loja\/wp-json\/wp\/v2\/product_brand?post=8907"},{"taxonomy":"product_cat","embeddable":true,"href":"https:\/\/flexoshopping.com.br\/loja\/wp-json\/wp\/v2\/product_cat?post=8907"},{"taxonomy":"product_tag","embeddable":true,"href":"https:\/\/flexoshopping.com.br\/loja\/wp-json\/wp\/v2\/product_tag?post=8907"}],"curies":[{"name":"wp","href":"https:\/\/api.w.org\/{rel}","templated":true}]}}