{"id":8916,"date":"2025-04-09T12:15:57","date_gmt":"2025-04-09T15:15:57","guid":{"rendered":"https:\/\/flexoshopping.com.br\/loja\/?post_type=product&#038;p=8916"},"modified":"2025-04-09T12:18:15","modified_gmt":"2025-04-09T15:18:15","slug":"handproofer-com-anilox-lineatura-a-escolha","status":"publish","type":"product","link":"https:\/\/flexoshopping.com.br\/loja\/product\/handproofer-com-anilox-lineatura-a-escolha\/","title":{"rendered":"Handproofer com anilox lineatura \u00e0 escolha"},"content":{"rendered":"<p>O Handproofer \u00e9 o meio pr\u00e1tico de se fazer avalia\u00e7\u00e3o do espalhamento e cor de tintas flexogr\u00e1ficas solvente, base \u00e1gua e U.V.<\/p>\n<p>O kit vem com um ANILOX com lineatura \u00e0 escolha do comprador.<\/p>\n","protected":false},"excerpt":{"rendered":"<p>O kit vem com um ANILOX com lineatura \u00e0 escolha do comprador.<\/p>\n","protected":false},"featured_media":8918,"template":"","meta":[],"product_brand":[],"product_cat":[121],"product_tag":[],"class_list":{"0":"post-8916","1":"product","2":"type-product","3":"status-publish","4":"has-post-thumbnail","6":"product_cat-instrumentos","8":"first","9":"instock","10":"sale","11":"shipping-taxable","12":"purchasable","13":"product-type-simple"},"_links":{"self":[{"href":"https:\/\/flexoshopping.com.br\/loja\/wp-json\/wp\/v2\/product\/8916","targetHints":{"allow":["GET"]}}],"collection":[{"href":"https:\/\/flexoshopping.com.br\/loja\/wp-json\/wp\/v2\/product"}],"about":[{"href":"https:\/\/flexoshopping.com.br\/loja\/wp-json\/wp\/v2\/types\/product"}],"wp:featuredmedia":[{"embeddable":true,"href":"https:\/\/flexoshopping.com.br\/loja\/wp-json\/wp\/v2\/media\/8918"}],"wp:attachment":[{"href":"https:\/\/flexoshopping.com.br\/loja\/wp-json\/wp\/v2\/media?parent=8916"}],"wp:term":[{"taxonomy":"product_brand","embeddable":true,"href":"https:\/\/flexoshopping.com.br\/loja\/wp-json\/wp\/v2\/product_brand?post=8916"},{"taxonomy":"product_cat","embeddable":true,"href":"https:\/\/flexoshopping.com.br\/loja\/wp-json\/wp\/v2\/product_cat?post=8916"},{"taxonomy":"product_tag","embeddable":true,"href":"https:\/\/flexoshopping.com.br\/loja\/wp-json\/wp\/v2\/product_tag?post=8916"}],"curies":[{"name":"wp","href":"https:\/\/api.w.org\/{rel}","templated":true}]}}