{"id":9020,"date":"2025-07-09T20:30:01","date_gmt":"2025-07-09T23:30:01","guid":{"rendered":"https:\/\/flexoshopping.com.br\/loja\/?post_type=product&#038;p=9020"},"modified":"2025-07-10T11:04:27","modified_gmt":"2025-07-10T14:04:27","slug":"spectrodensitometro","status":"publish","type":"product","link":"https:\/\/flexoshopping.com.br\/loja\/product\/spectrodensitometro\/","title":{"rendered":"Spectrodensit\u00f4metro DS530"},"content":{"rendered":"<div class=\"relative\">\n<div class=\"prose text-pretty dark:prose-invert inline leading-normal break-words min-w-0 [word-break:break-word]\">\n<h2 class=\"mb-xs mt-5 text-base font-[500] first:mt-0 dark:font-[475]\">Densit\u00f4metro Digital DS530 Instrumento de Densidade Espectral, Delta E para impress\u00e3o de Embalagens, r\u00f3tulos e impressos em geral<\/h2>\n<ul>\n<li class=\"my-0\">DS 530 espectrodensit\u00f4metro, adequado para a ind\u00fastria de impress\u00e3o e embalagens e \u00e1rea gr\u00e1fica em geral, resolve o problema de quantiza\u00e7\u00e3o de cores CMYK e cores especiais, e fornece orienta\u00e7\u00e3o operacional quantitativa para os impressores.<\/li>\n<li class=\"my-0\">Medi\u00e7\u00e3o horizontal por press\u00e3o, janela de observa\u00e7\u00e3o para posicionamento f\u00edsico;<\/li>\n<li class=\"my-0\">Mais de 30 indicadores crom\u00e1ticos e 40 fontes de luz de avalia\u00e7\u00e3o para atender \u00e0s necessidades especiais dos usu\u00e1rios;<\/li>\n<li class=\"my-0\">Suporta 5 tipos de calibres de medi\u00e7\u00e3o, para diferentes cen\u00e1rios de tamanho de amostra;<\/li>\n<li class=\"my-0\">O software suporta mini programa WeChat, Android, Apple, Hongmeng, aplicativo m\u00f3vel, etc., e suporta sincroniza\u00e7\u00e3o de dados.<\/li>\n<\/ul>\n<p class=\"my-0\"><strong>DS 530:<\/strong> repetibilidade dE*ab\u22640,02; calibres 11mm, 10mm, 6mm, 5mm, 3mm<\/p>\n<h2 class=\"mb-xs mt-5 text-base font-[500] first:mt-0 dark:font-[475]\">Medi\u00e7\u00e3o horizontal por press\u00e3o, janela de observa\u00e7\u00e3o para posicionamento f\u00edsico<\/h2>\n<p class=\"my-0\">A s\u00e9rie DS52X de instrumentos de densidade espectral adota design horizontal de baixo centro de gravidade, podendo medir de forma est\u00e1vel a superf\u00edcie em teste. Durante o processo de medi\u00e7\u00e3o, a posi\u00e7\u00e3o pode ser visualizada a qualquer momento pela janela de observa\u00e7\u00e3o, evitando erros de posicionamento.<\/p>\n<h2 class=\"mb-xs mt-5 text-base font-[500] first:mt-0 dark:font-[475]\">Indicadores de Medi\u00e7\u00e3o Espec\u00edficos para Impress\u00e3o<\/h2>\n<ul class=\"marker:text-textOff list-disc\">\n<li>\n<p class=\"my-0\">Medi\u00e7\u00e3o de densidade de cor<\/p>\n<\/li>\n<li>\n<p class=\"my-0\">Medi\u00e7\u00e3o de \u00e1rea de ponto<\/p>\n<\/li>\n<li>\n<p class=\"my-0\">Medi\u00e7\u00e3o de taxa de sobreposi\u00e7\u00e3o<\/p>\n<\/li>\n<li>\n<p class=\"my-0\">Medi\u00e7\u00e3o de contraste de impress\u00e3o<\/p>\n<\/li>\n<li>\n<p class=\"my-0\">Medi\u00e7\u00e3o de erro de tom e escala de cinza<\/p>\n<\/li>\n<\/ul>\n<h2 class=\"mb-xs mt-5 text-base font-[500] first:mt-0 dark:font-[475]\">Ultra-alta Precis\u00e3o de Repetibilidade dE*ab\u22640,02<\/h2>\n<p class=\"my-0\">A precis\u00e3o de repetibilidade \u00e9 o \u00edndice mais importante para descrever o desempenho de um espectrofot\u00f4metro.<br \/>\nA s\u00e9rie DS52X adota dispositivo nano-espectral de alta precis\u00e3o, alcan\u00e7ando precis\u00e3o de repetibilidade de dE*ab\u22640,02, n\u00edvel dif\u00edcil de igualar por produtos similares.<\/p>\n<h2 class=\"mb-xs mt-5 text-base font-[500] first:mt-0 dark:font-[475]\">S\u00e9rie DS52X Suporta 5 Calibres de Medi\u00e7\u00e3o<\/h2>\n<p class=\"my-0\">A s\u00e9rie DS52X suporta 5 calibres de medi\u00e7\u00e3o: \u03a611mm, \u03a610mm, \u03a66mm, \u03a65mm, \u03a63mm, podendo ser aplicada de forma flex\u00edvel a diversos tamanhos de amostras e condi\u00e7\u00f5es de teste.<\/p>\n<h2 class=\"mb-xs mt-5 text-base font-[500] first:mt-0 dark:font-[475]\">Mais de 30 Par\u00e2metros de Medi\u00e7\u00e3o e Quase 40 Fontes de Luz de Avalia\u00e7\u00e3o<\/h2>\n<p class=\"my-0\">O espectrofot\u00f4metro da s\u00e9rie DS52X fornece reflet\u00e2ncia espectral, CIE-Lab, CIE-LCh, \u0394E*ab, poder de cobertura, alvura, amarelamento e mais de 30 indicadores de medi\u00e7\u00e3o; Quase 40 fontes de luz de avalia\u00e7\u00e3o como A, B, C, D50, D55, D65, entre outras, cobrindo praticamente todos os indicadores e tipos de fontes de luz do setor.<\/p>\n<h2 class=\"mb-xs mt-5 text-base font-[500] first:mt-0 dark:font-[475]\">Suporte a Mini Programa WeChat, Android, Apple, Hongmeng, Aplicativo M\u00f3vel<\/h2>\n<ol class=\"marker:text-textOff list-decimal\">\n<li>\n<p class=\"my-0\">Os espectrodensit\u00f4metros da s\u00e9rie DS52X podem ser conectados a v\u00e1rios celulares por meio de diversos aplicativos m\u00f3veis.<\/p>\n<\/li>\n<li>\n<p class=\"my-0\">Os usu\u00e1rios n\u00e3o precisam mais transferir o valor de cor da amostra e do objeto real manualmente, podendo transferir facilmente os dados de cor via WeChat;<\/p>\n<\/li>\n<li>\n<p class=\"my-0\">Os usu\u00e1rios podem buscar a cor mais pr\u00f3xima em m\u00faltiplos cart\u00f5es de cor;<\/p>\n<\/li>\n<li>\n<p class=\"my-0\">Os usu\u00e1rios podem criar um banco de dados pessoal de cores, inserir informa\u00e7\u00f5es de cart\u00f5es de cor de impress\u00e3o, revestimento, t\u00eaxtil, etc.; o banco criado pode ser enviado para a nuvem, compartilhamento de dados entre m\u00faltiplos dispositivos, processamento de cor mais conveniente;<\/p>\n<\/li>\n<li>\n<p class=\"my-0\">Usu\u00e1rios corporativos podem criar e gerenciar seu pr\u00f3prio banco de informa\u00e7\u00f5es de cart\u00f5es de cor e f\u00f3rmulas de cor na nuvem, compartilhando com seus usu\u00e1rios via c\u00f3digo de convite exclusivo;<\/p>\n<\/li>\n<\/ol>\n<h2 class=\"mb-xs mt-5 text-base font-[500] first:mt-0 dark:font-[475]\">Sistema de Gerenciamento de Cores para PC: ColorExpert<\/h2>\n<p class=\"my-0\">Os espectrodensit\u00f4metros da s\u00e9rie DS52X acompanham o sistema de gerenciamento de cores ColorExpert para Windows, conectando-se via Bluetooth ou cabo USB.<br \/>\nO ColorExpert \u00e9 um software de gerenciamento de cores completo, com quatro m\u00f3dulos funcionais: Minhas cores, Detec\u00e7\u00e3o de cores, Sistema de correspond\u00eancia de cores, Centro pessoal.<\/p>\n<h2 id=\"parmetros-tcnicos\" class=\"mb-2 mt-6 text-base font-[500] first:mt-0 md:text-lg dark:font-[475] [hr+&amp;]:mt-4\">Par\u00e2metros T\u00e9cnicos<\/h2>\n<div class=\"group relative\">\n<div class=\"w-full overflow-x-auto md:max-w-[90vw] border-borderMain\/50 ring-borderMain\/50 divide-borderMain\/50 dark:divide-borderMainDark\/50 dark:ring-borderMainDark\/50 dark:border-borderMainDark\/50 bg-transparent\">\n<table class=\"border-borderMain dark:border-borderMainDark my-[1em] w-full table-auto border\">\n<thead class=\"bg-offset dark:bg-offsetDark\">\n<tr>\n<th class=\"border-borderMain px-sm py-sm dark:border-borderMainDark break-normal border text-left align-top\">Modelo<\/th>\n<th class=\"border-borderMain px-sm py-sm dark:border-borderMainDark break-normal border text-left align-top\">DS 526 (Vers\u00e3o B\u00e1sica)<\/th>\n<th class=\"border-borderMain px-sm py-sm dark:border-borderMainDark break-normal border text-left align-top\">DS 528 (Pro)<\/th>\n<th class=\"border-borderMain px-sm py-sm dark:border-borderMainDark break-normal border text-left align-top\">DS 530 (Vers\u00e3o Premium)<\/th>\n<\/tr>\n<\/thead>\n<tbody>\n<tr>\n<td class=\"border-borderMain px-sm dark:border-borderMainDark min-w-[48px] break-normal border\">Estrutura de medi\u00e7\u00e3o<\/td>\n<td class=\"border-borderMain px-sm dark:border-borderMainDark min-w-[48px] break-normal border\">45\/0<\/td>\n<td class=\"border-borderMain px-sm dark:border-borderMainDark min-w-[48px] break-normal border\">45\/0<\/td>\n<td class=\"border-borderMain px-sm dark:border-borderMainDark min-w-[48px] break-normal border\">45\/0<\/td>\n<\/tr>\n<tr>\n<td class=\"border-borderMain px-sm dark:border-borderMainDark min-w-[48px] break-normal border\">Calibra\u00e7\u00e3o de rede NetProf<\/td>\n<td class=\"border-borderMain px-sm dark:border-borderMainDark min-w-[48px] break-normal border\">\/<\/td>\n<td class=\"border-borderMain px-sm dark:border-borderMainDark min-w-[48px] break-normal border\">\/<\/td>\n<td class=\"border-borderMain px-sm dark:border-borderMainDark min-w-[48px] break-normal border\">suporta<\/td>\n<\/tr>\n<tr>\n<td class=\"border-borderMain px-sm dark:border-borderMainDark min-w-[48px] break-normal border\">Furos de posicionamento f\u00edsico integrados<\/td>\n<td class=\"border-borderMain px-sm dark:border-borderMainDark min-w-[48px] break-normal border\">suporta<\/td>\n<td class=\"border-borderMain px-sm dark:border-borderMainDark min-w-[48px] break-normal border\">suporta<\/td>\n<td class=\"border-borderMain px-sm dark:border-borderMainDark min-w-[48px] break-normal border\">suporta<\/td>\n<\/tr>\n<tr>\n<td class=\"border-borderMain px-sm dark:border-borderMainDark min-w-[48px] break-normal border\">Repetibilidade de medi\u00e7\u00e3o<\/td>\n<td class=\"border-borderMain px-sm dark:border-borderMainDark min-w-[48px] break-normal border\">dE*ab\u22640,02<\/td>\n<td class=\"border-borderMain px-sm dark:border-borderMainDark min-w-[48px] break-normal border\">dE*ab\u22640,02<\/td>\n<td class=\"border-borderMain px-sm dark:border-borderMainDark min-w-[48px] break-normal border\">dE*ab\u22640,02<\/td>\n<\/tr>\n<tr>\n<td class=\"border-borderMain px-sm dark:border-borderMainDark min-w-[48px] break-normal border\">Precis\u00e3o de exibi\u00e7\u00e3o<\/td>\n<td class=\"border-borderMain px-sm dark:border-borderMainDark min-w-[48px] break-normal border\">0,01<\/td>\n<td class=\"border-borderMain px-sm dark:border-borderMainDark min-w-[48px] break-normal border\">0,01<\/td>\n<td class=\"border-borderMain px-sm dark:border-borderMainDark min-w-[48px] break-normal border\">0,01<\/td>\n<\/tr>\n<tr>\n<td class=\"border-borderMain px-sm dark:border-borderMainDark min-w-[48px] break-normal border\">Fonte de luz<\/td>\n<td class=\"border-borderMain px-sm dark:border-borderMainDark min-w-[48px] break-normal border\">LED de banda completa equilibrada<\/td>\n<td class=\"border-borderMain px-sm dark:border-borderMainDark min-w-[48px] break-normal border\">LED de banda completa equilibrada<\/td>\n<td class=\"border-borderMain px-sm dark:border-borderMainDark min-w-[48px] break-normal border\">LED de banda completa equilibrada<\/td>\n<\/tr>\n<tr>\n<td class=\"border-borderMain px-sm dark:border-borderMainDark min-w-[48px] break-normal border\">Fonte de luz UV<\/td>\n<td class=\"border-borderMain px-sm dark:border-borderMainDark min-w-[48px] break-normal border\">\/<\/td>\n<td class=\"border-borderMain px-sm dark:border-borderMainDark min-w-[48px] break-normal border\">\/<\/td>\n<td class=\"border-borderMain px-sm dark:border-borderMainDark min-w-[48px] break-normal border\">suporta<\/td>\n<\/tr>\n<tr>\n<td class=\"border-borderMain px-sm dark:border-borderMainDark min-w-[48px] break-normal border\">Calibre<\/td>\n<td class=\"border-borderMain px-sm dark:border-borderMainDark min-w-[48px] break-normal border\">\u03a65mm<\/td>\n<td class=\"border-borderMain px-sm dark:border-borderMainDark min-w-[48px] break-normal border\">\u03a611mm, \u03a65mm, \u03a63mm<\/td>\n<td class=\"border-borderMain px-sm dark:border-borderMainDark min-w-[48px] break-normal border\">\u03a611mm, \u03a610mm, \u03a66mm, \u03a65mm, \u03a63mm<\/td>\n<\/tr>\n<tr>\n<td class=\"border-borderMain px-sm dark:border-borderMainDark min-w-[48px] break-normal border\">Padr\u00e3o de medi\u00e7\u00e3o<\/td>\n<td class=\"border-borderMain px-sm dark:border-borderMainDark min-w-[48px] break-normal border\">Reflet\u00e2ncia espectral, CIE-Lab, CIE-LCh, HunterLab, CIE-Luv, XYZ, Yxy, Diferen\u00e7a de cor RGB (\u0394E<em>ab, \u0394E<\/em>cmc, \u0394E<em>94, \u0394E<\/em>00), alvura (ASTME313-00, ASTME313-73, CIE, ISO2470\/R457, AATCC, Hunter, TaubeBerger Stensby), amarelamento (ASTM D1925, ASTM E313-00, ASTM E313-73), negritude (My, dM), solidez \u00e0 mancha, solidez \u00e0 cor, matiz (ASTM E313-00), densidade de cor CMYK (A, T, E, M), \u00edndice de metamerismo Milm, Munsell, poder de cobertura, for\u00e7a (for\u00e7a do corante, for\u00e7a de tingimento)<\/td>\n<td class=\"border-borderMain px-sm dark:border-borderMainDark min-w-[48px] break-normal border\"><\/td>\n<td class=\"border-borderMain px-sm dark:border-borderMainDark min-w-[48px] break-normal border\"><\/td>\n<\/tr>\n<tr>\n<td class=\"border-borderMain px-sm dark:border-borderMainDark min-w-[48px] break-normal border\">Condi\u00e7\u00f5es de fonte de luz<\/td>\n<td class=\"border-borderMain px-sm dark:border-borderMainDark min-w-[48px] break-normal border\">A, B, C, D50, D55, D65, D75, F1, F2, F3, F4, F5, F6, F7, F8, F9, F10, F11, F12, CWF, U30, U35, DLF, NBF, TL83, TL84, ID50, ID65, LED-B1, LED-B2, LED-B3, LED-B4, LED-B5, LED-BH1, LED-RGB1, LED-V1, LED-V2<\/td>\n<td class=\"border-borderMain px-sm dark:border-borderMainDark min-w-[48px] break-normal border\"><\/td>\n<td class=\"border-borderMain px-sm dark:border-borderMainDark min-w-[48px] break-normal border\"><\/td>\n<\/tr>\n<tr>\n<td class=\"border-borderMain px-sm dark:border-borderMainDark min-w-[48px] break-normal border\">Suporte de software<\/td>\n<td class=\"border-borderMain px-sm dark:border-borderMainDark min-w-[48px] break-normal border\">Android, iOS, Windows, Mini app WeChat, Hongmeng<\/td>\n<td class=\"border-borderMain px-sm dark:border-borderMainDark min-w-[48px] break-normal border\"><\/td>\n<td class=\"border-borderMain px-sm dark:border-borderMainDark min-w-[48px] break-normal border\"><\/td>\n<\/tr>\n<tr>\n<td class=\"border-borderMain px-sm dark:border-borderMainDark min-w-[48px] break-normal border\">Garantia de precis\u00e3o<\/td>\n<td class=\"border-borderMain px-sm dark:border-borderMainDark min-w-[48px] break-normal border\">Garante medi\u00e7\u00e3o qualificada<\/td>\n<td class=\"border-borderMain px-sm dark:border-borderMainDark min-w-[48px] break-normal border\"><\/td>\n<td class=\"border-borderMain px-sm dark:border-borderMainDark min-w-[48px] break-normal border\"><\/td>\n<\/tr>\n<tr>\n<td class=\"border-borderMain px-sm dark:border-borderMainDark min-w-[48px] break-normal border\">Campo de vis\u00e3o<\/td>\n<td class=\"border-borderMain px-sm dark:border-borderMainDark min-w-[48px] break-normal border\">2\u00b0, 10\u00b0<\/td>\n<td class=\"border-borderMain px-sm dark:border-borderMainDark min-w-[48px] break-normal border\">2\u00b0, 10\u00b0<\/td>\n<td class=\"border-borderMain px-sm dark:border-borderMainDark min-w-[48px] break-normal border\">2\u00b0, 10\u00b0<\/td>\n<\/tr>\n<tr>\n<td class=\"border-borderMain px-sm dark:border-borderMainDark min-w-[48px] break-normal border\">Di\u00e2metro da esfera integradora<\/td>\n<td class=\"border-borderMain px-sm dark:border-borderMainDark min-w-[48px] break-normal border\">40mm<\/td>\n<td class=\"border-borderMain px-sm dark:border-borderMainDark min-w-[48px] break-normal border\">40mm<\/td>\n<td class=\"border-borderMain px-sm dark:border-borderMainDark min-w-[48px] break-normal border\">40mm<\/td>\n<\/tr>\n<tr>\n<td class=\"border-borderMain px-sm dark:border-borderMainDark min-w-[48px] break-normal border\">Normas seguidas<\/td>\n<td class=\"border-borderMain px-sm dark:border-borderMainDark min-w-[48px] break-normal border\">CIENo.15, GB\/T3978, GB2893, GB\/T18833, ISO7724-1, ASTME1164, DIN5033Teil7<\/td>\n<td class=\"border-borderMain px-sm dark:border-borderMainDark min-w-[48px] break-normal border\"><\/td>\n<td class=\"border-borderMain px-sm dark:border-borderMainDark min-w-[48px] break-normal border\"><\/td>\n<\/tr>\n<tr>\n<td class=\"border-borderMain px-sm dark:border-borderMainDark min-w-[48px] break-normal border\">M\u00e9todo espectral<\/td>\n<td class=\"border-borderMain px-sm dark:border-borderMainDark min-w-[48px] break-normal border\">Dispositivo nano espectral de alta precis\u00e3o<\/td>\n<td class=\"border-borderMain px-sm dark:border-borderMainDark min-w-[48px] break-normal border\"><\/td>\n<td class=\"border-borderMain px-sm dark:border-borderMainDark min-w-[48px] break-normal border\"><\/td>\n<\/tr>\n<tr>\n<td class=\"border-borderMain px-sm dark:border-borderMainDark min-w-[48px] break-normal border\">Sensor<\/td>\n<td class=\"border-borderMain px-sm dark:border-borderMainDark min-w-[48px] break-normal border\">Matriz de fotodiodos de sil\u00edcio dupla de 16 grupos<\/td>\n<td class=\"border-borderMain px-sm dark:border-borderMainDark min-w-[48px] break-normal border\"><\/td>\n<td class=\"border-borderMain px-sm dark:border-borderMainDark min-w-[48px] break-normal border\"><\/td>\n<\/tr>\n<tr>\n<td class=\"border-borderMain px-sm dark:border-borderMainDark min-w-[48px] break-normal border\">Intervalo de comprimento de onda<\/td>\n<td class=\"border-borderMain px-sm dark:border-borderMainDark min-w-[48px] break-normal border\">10nm<\/td>\n<td class=\"border-borderMain px-sm dark:border-borderMainDark min-w-[48px] break-normal border\">10nm<\/td>\n<td class=\"border-borderMain px-sm dark:border-borderMainDark min-w-[48px] break-normal border\">10nm<\/td>\n<\/tr>\n<tr>\n<td class=\"border-borderMain px-sm dark:border-borderMainDark min-w-[48px] break-normal border\">Faixa de comprimento de onda<\/td>\n<td class=\"border-borderMain px-sm dark:border-borderMainDark min-w-[48px] break-normal border\">400-700nm<\/td>\n<td class=\"border-borderMain px-sm dark:border-borderMainDark min-w-[48px] break-normal border\">400-700nm<\/td>\n<td class=\"border-borderMain px-sm dark:border-borderMainDark min-w-[48px] break-normal border\">400-700nm<\/td>\n<\/tr>\n<tr>\n<td class=\"border-borderMain px-sm dark:border-borderMainDark min-w-[48px] break-normal border\">Faixa de medi\u00e7\u00e3o de reflet\u00e2ncia<\/td>\n<td class=\"border-borderMain px-sm dark:border-borderMainDark min-w-[48px] break-normal border\">0-200%<\/td>\n<td class=\"border-borderMain px-sm dark:border-borderMainDark min-w-[48px] break-normal border\">0-200%<\/td>\n<td class=\"border-borderMain px-sm dark:border-borderMainDark min-w-[48px] break-normal border\">0-200%<\/td>\n<\/tr>\n<tr>\n<td class=\"border-borderMain px-sm dark:border-borderMainDark min-w-[48px] break-normal border\">Resolu\u00e7\u00e3o de reflet\u00e2ncia<\/td>\n<td class=\"border-borderMain px-sm dark:border-borderMainDark min-w-[48px] break-normal border\">0,01%<\/td>\n<td class=\"border-borderMain px-sm dark:border-borderMainDark min-w-[48px] break-normal border\">0,01%<\/td>\n<td class=\"border-borderMain px-sm dark:border-borderMainDark min-w-[48px] break-normal border\">0,01%<\/td>\n<\/tr>\n<tr>\n<td class=\"border-borderMain px-sm dark:border-borderMainDark min-w-[48px] break-normal border\">Tempo de medi\u00e7\u00e3o<\/td>\n<td class=\"border-borderMain px-sm dark:border-borderMainDark min-w-[48px] break-normal border\">cerca de 1 s<\/td>\n<td class=\"border-borderMain px-sm dark:border-borderMainDark min-w-[48px] break-normal border\">cerca de 1 s<\/td>\n<td class=\"border-borderMain px-sm dark:border-borderMainDark min-w-[48px] break-normal border\">cerca de 1 s<\/td>\n<\/tr>\n<tr>\n<td class=\"border-borderMain px-sm dark:border-borderMainDark min-w-[48px] break-normal border\">Interface<\/td>\n<td class=\"border-borderMain px-sm dark:border-borderMainDark min-w-[48px] break-normal border\">USB, Bluetooth<\/td>\n<td class=\"border-borderMain px-sm dark:border-borderMainDark min-w-[48px] break-normal border\">USB, Bluetooth<\/td>\n<td class=\"border-borderMain px-sm dark:border-borderMainDark min-w-[48px] break-normal border\">USB, Bluetooth<\/td>\n<\/tr>\n<tr>\n<td class=\"border-borderMain px-sm dark:border-borderMainDark min-w-[48px] break-normal border\">Tela<\/td>\n<td class=\"border-borderMain px-sm dark:border-borderMainDark min-w-[48px] break-normal border\">Tela colorida, 3,5 polegadas<\/td>\n<td class=\"border-borderMain px-sm dark:border-borderMainDark min-w-[48px] break-normal border\"><\/td>\n<td class=\"border-borderMain px-sm dark:border-borderMainDark min-w-[48px] break-normal border\"><\/td>\n<\/tr>\n<tr>\n<td class=\"border-borderMain px-sm dark:border-borderMainDark min-w-[48px] break-normal border\">Capacidade da bateria<\/td>\n<td class=\"border-borderMain px-sm dark:border-borderMainDark min-w-[48px] break-normal border\">Mede continuamente 8.000 vezes por carga, 7,2V\/3000mAh<\/td>\n<td class=\"border-borderMain px-sm dark:border-borderMainDark min-w-[48px] break-normal border\"><\/td>\n<td class=\"border-borderMain px-sm dark:border-borderMainDark min-w-[48px] break-normal border\"><\/td>\n<\/tr>\n<tr>\n<td class=\"border-borderMain px-sm dark:border-borderMainDark min-w-[48px] break-normal border\">Vida \u00fatil da fonte de luz<\/td>\n<td class=\"border-borderMain px-sm dark:border-borderMainDark min-w-[48px] break-normal border\">5 milh\u00f5es de vezes<\/td>\n<td class=\"border-borderMain px-sm dark:border-borderMainDark min-w-[48px] break-normal border\">5 milh\u00f5es de vezes<\/td>\n<td class=\"border-borderMain px-sm dark:border-borderMainDark min-w-[48px] break-normal border\">5 milh\u00f5es de vezes<\/td>\n<\/tr>\n<tr>\n<td class=\"border-borderMain px-sm dark:border-borderMainDark min-w-[48px] break-normal border\">Idioma<\/td>\n<td class=\"border-borderMain px-sm dark:border-borderMainDark min-w-[48px] break-normal border\">Chin\u00eas simplificado, Ingl\u00eas<\/td>\n<td class=\"border-borderMain px-sm dark:border-borderMainDark min-w-[48px] break-normal border\"><\/td>\n<td class=\"border-borderMain px-sm dark:border-borderMainDark min-w-[48px] break-normal border\"><\/td>\n<\/tr>\n<tr>\n<td class=\"border-borderMain px-sm dark:border-borderMainDark min-w-[48px] break-normal border\">Armazenamento<\/td>\n<td class=\"border-borderMain px-sm dark:border-borderMainDark min-w-[48px] break-normal border\">Instrumento: 10.000 itens; APP: Armazenamento em massa<\/td>\n<td class=\"border-borderMain px-sm dark:border-borderMainDark min-w-[48px] break-normal border\"><\/td>\n<td class=\"border-borderMain px-sm dark:border-borderMainDark min-w-[48px] break-normal border\"><\/td>\n<\/tr>\n<\/tbody>\n<\/table>\n<\/div>\n<div class=\"px-two bg-background border-border shadow-subtle pointer-coarse:opacity-100 right-xs absolute bottom-0 flex gap-2 rounded-lg border py-px opacity-0 transition-opacity group-hover:opacity-100\">\n<div>\n<div class=\"flex items-center min-w-0 font-medium gap-1 justify-center\">\n<div class=\"flex shrink-0 items-center justify-center size-3.5\"><\/div>\n<\/div>\n<\/div>\n<\/div>\n<\/div>\n<\/div>\n<\/div>\n","protected":false},"excerpt":{"rendered":"<p>Densit\u00f4metro Digital DS530 Instrumento de Densidade Espectral, Delta E para impress\u00e3o de Embalagens, r\u00f3tulos e impressos em geral DS 530 espectrodensit\u00f4metro, adequado<\/p>\n","protected":false},"featured_media":9048,"template":"","meta":[],"product_brand":[],"product_cat":[121],"product_tag":[],"class_list":{"0":"post-9020","1":"product","2":"type-product","3":"status-publish","4":"has-post-thumbnail","6":"product_cat-instrumentos","8":"first","9":"instock","10":"sale","11":"shipping-taxable","12":"purchasable","13":"product-type-simple"},"_links":{"self":[{"href":"https:\/\/flexoshopping.com.br\/loja\/wp-json\/wp\/v2\/product\/9020","targetHints":{"allow":["GET"]}}],"collection":[{"href":"https:\/\/flexoshopping.com.br\/loja\/wp-json\/wp\/v2\/product"}],"about":[{"href":"https:\/\/flexoshopping.com.br\/loja\/wp-json\/wp\/v2\/types\/product"}],"wp:featuredmedia":[{"embeddable":true,"href":"https:\/\/flexoshopping.com.br\/loja\/wp-json\/wp\/v2\/media\/9048"}],"wp:attachment":[{"href":"https:\/\/flexoshopping.com.br\/loja\/wp-json\/wp\/v2\/media?parent=9020"}],"wp:term":[{"taxonomy":"product_brand","embeddable":true,"href":"https:\/\/flexoshopping.com.br\/loja\/wp-json\/wp\/v2\/product_brand?post=9020"},{"taxonomy":"product_cat","embeddable":true,"href":"https:\/\/flexoshopping.com.br\/loja\/wp-json\/wp\/v2\/product_cat?post=9020"},{"taxonomy":"product_tag","embeddable":true,"href":"https:\/\/flexoshopping.com.br\/loja\/wp-json\/wp\/v2\/product_tag?post=9020"}],"curies":[{"name":"wp","href":"https:\/\/api.w.org\/{rel}","templated":true}]}}